{"id":31,"date":"2021-05-02T11:08:49","date_gmt":"2021-05-02T09:08:49","guid":{"rendered":"http:\/\/localhost:8888\/annecarre\/?page_id=31"},"modified":"2022-11-21T16:01:27","modified_gmt":"2022-11-21T15:01:27","slug":"comment-se-passe-un-entretien-clinique","status":"publish","type":"page","link":"https:\/\/annecarrepsychologue.fr\/index.php\/comment-se-passe-un-entretien-clinique\/","title":{"rendered":"Comment se passe un entretien clinique ?"},"content":{"rendered":"\n<figure class=\"wp-block-image\"><img decoding=\"async\" src=\"http:\/\/annecarrepsychologue.fr\/wp-content\/uploads\/2022\/11\/shutterstock_2031803234-copie-1-1024x323.jpeg\" width=\"100%\" height=\"472\" alt=\"\" class=\"wp-image-194\" srcset=\"https:\/\/annecarrepsychologue.fr\/wp-content\/uploads\/2022\/11\/shutterstock_2031803234-copie-1-1024x323.jpeg 1024w, https:\/\/annecarrepsychologue.fr\/wp-content\/uploads\/2022\/11\/shutterstock_2031803234-copie-1-300x95.jpeg 300w, https:\/\/annecarrepsychologue.fr\/wp-content\/uploads\/2022\/11\/shutterstock_2031803234-copie-1-768x242.jpeg 768w, https:\/\/annecarrepsychologue.fr\/wp-content\/uploads\/2022\/11\/shutterstock_2031803234-copie-1-1536x485.jpeg 1536w, https:\/\/annecarrepsychologue.fr\/wp-content\/uploads\/2022\/11\/shutterstock_2031803234-copie-1-2048x646.jpeg 2048w, https:\/\/annecarrepsychologue.fr\/wp-content\/uploads\/2022\/11\/shutterstock_2031803234-copie-1-370x117.jpeg 370w, https:\/\/annecarrepsychologue.fr\/wp-content\/uploads\/2022\/11\/shutterstock_2031803234-copie-1-760x240.jpeg 760w\" sizes=\"(max-width: 1024px) 100vw, 1024px\" \/><\/figure>\n\n\n\n<p><\/p>\n\n\n\n<p>Il est&nbsp;individuel, interactif et se d\u00e9roule en face \u00e0 face, selon vos besoins, votre rythme, sans vous diriger. Il dure environ 45 minutes.<\/p>\n\n\n\n<p>Nous passons ce temps \u00e0 cheminer ensemble pour que vous preniez confiance en vos capacit\u00e9s \u00e0 faire face aux difficult\u00e9s que vous traversez. C\u2019est une&nbsp;<strong>co-construction<\/strong>&nbsp;qui repose sur une&nbsp;<strong>relation de confiance<\/strong>,&nbsp;permise en partie par le secret professionnel auquel je suis soumise.<\/p>\n\n\n\n<p>Lors du premier entretien, qui durera une heure, nous ferons connaissance et d\u00e9terminerons ensemble&nbsp;si vos objectifs peuvent \u00eatre atteints par un&nbsp;<strong>travail commun<\/strong>.<\/p>\n\n\n\n<p>Ensuite, si c\u2019est le cas et que vous souhaitez poursuivre ces rencontres, nous pourrons d\u00e9finir&nbsp;ensemble leurs modalit\u00e9s.<\/p>\n\n\n\n<p>Si ce n\u2019est pas le cas, je pourrai vous orienter vers un(e) coll\u00e8gue dont la pratique est plus adapt\u00e9e \u00e0 votre demande.<\/p>\n\n\n\n<figure class=\"wp-block-gallery has-nested-images columns-default is-cropped wp-block-gallery-1 is-layout-flex wp-block-gallery-is-layout-flex\">\n<figure class=\"wp-block-image size-large\"><img loading=\"lazy\" decoding=\"async\" width=\"1024\" height=\"768\" data-id=\"274\" src=\"http:\/\/annecarrepsychologue.fr\/wp-content\/uploads\/2022\/11\/PXL_20221118_1154366842-1024x768.jpg\" alt=\"\" class=\"wp-image-274\"\/><\/figure>\n\n\n\n<figure class=\"wp-block-image size-large\"><img loading=\"lazy\" decoding=\"async\" width=\"1024\" height=\"768\" data-id=\"273\" src=\"http:\/\/annecarrepsychologue.fr\/wp-content\/uploads\/2022\/11\/PXL_20221118_1524041562-1024x768.jpg\" alt=\"\" class=\"wp-image-273\" srcset=\"https:\/\/annecarrepsychologue.fr\/wp-content\/uploads\/2022\/11\/PXL_20221118_1524041562-1024x768.jpg 1024w, https:\/\/annecarrepsychologue.fr\/wp-content\/uploads\/2022\/11\/PXL_20221118_1524041562-300x225.jpg 300w, https:\/\/annecarrepsychologue.fr\/wp-content\/uploads\/2022\/11\/PXL_20221118_1524041562-768x576.jpg 768w, https:\/\/annecarrepsychologue.fr\/wp-content\/uploads\/2022\/11\/PXL_20221118_1524041562-1536x1152.jpg 1536w, https:\/\/annecarrepsychologue.fr\/wp-content\/uploads\/2022\/11\/PXL_20221118_1524041562-2048x1536.jpg 2048w, https:\/\/annecarrepsychologue.fr\/wp-content\/uploads\/2022\/11\/PXL_20221118_1524041562-370x277.jpg 370w, https:\/\/annecarrepsychologue.fr\/wp-content\/uploads\/2022\/11\/PXL_20221118_1524041562-760x570.jpg 760w\" sizes=\"auto, (max-width: 1024px) 100vw, 1024px\" \/><\/figure>\n<\/figure>\n","protected":false},"excerpt":{"rendered":"<p>Il est&nbsp;individuel, interactif et se d\u00e9roule en face \u00e0 face, selon vos besoins, votre rythme, sans vous diriger. Il dure environ 45 minutes. Nous passons ce temps \u00e0 cheminer ensemble pour que vous preniez confiance en vos capacit\u00e9s \u00e0 faire face aux difficult\u00e9s que vous traversez. C\u2019est une&nbsp;co-construction&nbsp;qui repose sur une&nbsp;relation de confiance,&nbsp;permise en partie par le secret professionnel auquel&hellip;<\/p>\n","protected":false},"author":2,"featured_media":0,"parent":0,"menu_order":0,"comment_status":"closed","ping_status":"closed","template":"","meta":{"footnotes":""},"class_list":["post-31","page","type-page","status-publish","hentry"],"_links":{"self":[{"href":"https:\/\/annecarrepsychologue.fr\/index.php\/wp-json\/wp\/v2\/pages\/31","targetHints":{"allow":["GET"]}}],"collection":[{"href":"https:\/\/annecarrepsychologue.fr\/index.php\/wp-json\/wp\/v2\/pages"}],"about":[{"href":"https:\/\/annecarrepsychologue.fr\/index.php\/wp-json\/wp\/v2\/types\/page"}],"author":[{"embeddable":true,"href":"https:\/\/annecarrepsychologue.fr\/index.php\/wp-json\/wp\/v2\/users\/2"}],"replies":[{"embeddable":true,"href":"https:\/\/annecarrepsychologue.fr\/index.php\/wp-json\/wp\/v2\/comments?post=31"}],"version-history":[{"count":7,"href":"https:\/\/annecarrepsychologue.fr\/index.php\/wp-json\/wp\/v2\/pages\/31\/revisions"}],"predecessor-version":[{"id":277,"href":"https:\/\/annecarrepsychologue.fr\/index.php\/wp-json\/wp\/v2\/pages\/31\/revisions\/277"}],"wp:attachment":[{"href":"https:\/\/annecarrepsychologue.fr\/index.php\/wp-json\/wp\/v2\/media?parent=31"}],"curies":[{"name":"wp","href":"https:\/\/api.w.org\/{rel}","templated":true}]}}