{"id":35,"date":"2021-05-02T11:10:56","date_gmt":"2021-05-02T09:10:56","guid":{"rendered":"http:\/\/localhost:8888\/annecarre\/?page_id=35"},"modified":"2026-08-28T18:33:41","modified_gmt":"2026-08-28T16:33:41","slug":"informations-pratiques","status":"publish","type":"page","link":"https:\/\/annecarrepsychologue.fr\/index.php\/informations-pratiques\/","title":{"rendered":"Informations pratiques"},"content":{"rendered":"\n<h5 class=\"wp-block-heading\">Une question ? N&#8217;h\u00e9sitez pas \u00e0 me contacter par t\u00e9l\u00e9phone ou par mail (carre.anne arobase outlook.fr). Je vous r\u00e9pondrai dans les plus brefs d\u00e9lais.<\/h5>\n\n\n<div class=\"wp-block-image\">\n<figure class=\"alignleft size-full\"><img loading=\"lazy\" decoding=\"async\" width=\"640\" height=\"480\" src=\"http:\/\/annecarrepsychologue.fr\/wp-content\/uploads\/2022\/11\/PXL_20220916_104950419.jpg\" alt=\"\" class=\"wp-image-195\" srcset=\"https:\/\/annecarrepsychologue.fr\/wp-content\/uploads\/2022\/11\/PXL_20220916_104950419.jpg 640w, https:\/\/annecarrepsychologue.fr\/wp-content\/uploads\/2022\/11\/PXL_20220916_104950419-300x225.jpg 300w, https:\/\/annecarrepsychologue.fr\/wp-content\/uploads\/2022\/11\/PXL_20220916_104950419-370x278.jpg 370w\" sizes=\"auto, (max-width: 640px) 100vw, 640px\" \/><\/figure>\n<\/div>\n\n\n<p class=\"has-medium-font-size wp-block-paragraph\">Maison m\u00e9dicale<\/p>\n\n\n\n<p class=\"wp-block-paragraph\">5 rue de la Chalotais<br>Cesson S\u00e9vign\u00e9<br>2<sup>e<\/sup>&nbsp;\u00e9tage<br>Acc\u00e8s pour personnes \u00e0 mobilit\u00e9 r\u00e9duite<\/p>\n\n\n\n<p class=\"has-medium-font-size wp-block-paragraph\">Tarifs<\/p>\n\n\n\n<p class=\"wp-block-paragraph\">60\u20ac la s\u00e9ance&nbsp;<br>40\u20ac la s\u00e9ance&nbsp;:&nbsp;\u00e9tudiants&nbsp;et demandeurs d\u2019emploi.<\/p>\n\n\n\n<p class=\"wp-block-paragraph\">Moyens de paiement : ch\u00e8que ou esp\u00e8ces (CB non accept\u00e9e)<\/p>\n\n\n\n<p class=\"has-medium-font-size wp-block-paragraph\"><br><br><\/p>\n\n\n\n<p class=\"wp-block-paragraph\">Les s\u00e9ances ne sont pas prises en charge par l\u2019assurance maladie, je ne participe pas au dispositif \u00ab&nbsp;Monpsy&nbsp;\u00bb. Cependant certains contrats de mutuelles proposent une prise en charge partielle&nbsp;: renseignez-vous&nbsp;!<\/p>\n\n\n\n<p class=\"wp-block-paragraph\">T\u00e9l\u00e9consultation possible&nbsp;: me contacter  06 63 65 33 69<\/p>\n\n\n\n<p class=\"wp-block-paragraph\">Je re\u00e7ois sur rdv les <strong>mercredis<\/strong> et <strong>vendredis&nbsp;<\/strong><\/p>\n\n\n\n<figure class=\"wp-block-table has-medium-font-size\"><table><tbody><tr><td>N\u00b0 RPPS&nbsp;: 10008466574<br> <br>N\u00b0 SIRET&nbsp;: 52349256900042<\/td><\/tr><\/tbody><\/table><\/figure>\n\n\n\n<div class=\"wp-block-contact-form-7-contact-form-selector\">[contact-form-7 id=&#8221;108&#8243; title=&#8221;Formulaire&#8221;]<\/div>\n\n\n\n<div class=\"wp-block-webfactory-map\"><div class=\"wp-block-webfactory-map\"><iframe loading=\"lazy\" width=\"100%\" height=\"300px\" src=\"https:\/\/www.google.com\/maps\/embed\/v1\/place?q=5%20rue%20de%20la%20Chalotais%20Cesson%20S%C3%A9vign%C3%A9&amp;maptype=roadmap&amp;zoom=10&amp;key=AIzaSyAjyDspiPfzEfjRSS5fQzm-3jHFjHxeXB4\" frameborder=\"0\"><\/iframe><\/div><\/div>\n","protected":false},"excerpt":{"rendered":"<p>Une question ? N&#8217;h\u00e9sitez pas \u00e0 me contacter par t\u00e9l\u00e9phone ou par mail (carre.anne arobase outlook.fr). Je vous r\u00e9pondrai dans les plus brefs d\u00e9lais. Maison m\u00e9dicale 5 rue de la ChalotaisCesson S\u00e9vign\u00e92e&nbsp;\u00e9tageAcc\u00e8s pour personnes \u00e0 mobilit\u00e9 r\u00e9duite Tarifs 60\u20ac la s\u00e9ance&nbsp;40\u20ac la s\u00e9ance&nbsp;:&nbsp;\u00e9tudiants&nbsp;et demandeurs d\u2019emploi. Moyens de paiement : ch\u00e8que ou esp\u00e8ces (CB non accept\u00e9e) Les s\u00e9ances ne sont pas&hellip;<\/p>\n","protected":false},"author":2,"featured_media":0,"parent":0,"menu_order":0,"comment_status":"closed","ping_status":"closed","template":"","meta":{"footnotes":""},"class_list":["post-35","page","type-page","status-publish","hentry"],"_links":{"self":[{"href":"https:\/\/annecarrepsychologue.fr\/index.php\/wp-json\/wp\/v2\/pages\/35","targetHints":{"allow":["GET"]}}],"collection":[{"href":"https:\/\/annecarrepsychologue.fr\/index.php\/wp-json\/wp\/v2\/pages"}],"about":[{"href":"https:\/\/annecarrepsychologue.fr\/index.php\/wp-json\/wp\/v2\/types\/page"}],"author":[{"embeddable":true,"href":"https:\/\/annecarrepsychologue.fr\/index.php\/wp-json\/wp\/v2\/users\/2"}],"replies":[{"embeddable":true,"href":"https:\/\/annecarrepsychologue.fr\/index.php\/wp-json\/wp\/v2\/comments?post=35"}],"version-history":[{"count":16,"href":"https:\/\/annecarrepsychologue.fr\/index.php\/wp-json\/wp\/v2\/pages\/35\/revisions"}],"predecessor-version":[{"id":299,"href":"https:\/\/annecarrepsychologue.fr\/index.php\/wp-json\/wp\/v2\/pages\/35\/revisions\/299"}],"wp:attachment":[{"href":"https:\/\/annecarrepsychologue.fr\/index.php\/wp-json\/wp\/v2\/media?parent=35"}],"curies":[{"name":"wp","href":"https:\/\/api.w.org\/{rel}","templated":true}]}}

<h5 class="wp-block-heading">Une question ? N&#8217;hésitez pas à me contacter par téléphone ou par mail (carre.anne arobase outlook.fr). Je vous répondrai dans les plus brefs délais.</h5>


<div class="wp-block-image">
<figure class="alignleft size-full"><img loading="lazy" decoding="async" width="640" height="480" src="http://annecarrepsychologue.fr/wp-content/uploads/2022/11/PXL_20220916_104950419.jpg" alt="" class="wp-image-195" srcset="https://annecarrepsychologue.fr/wp-content/uploads/2022/11/PXL_20220916_104950419.jpg 640w, https://annecarrepsychologue.fr/wp-content/uploads/2022/11/PXL_20220916_104950419-300x225.jpg 300w, https://annecarrepsychologue.fr/wp-content/uploads/2022/11/PXL_20220916_104950419-370x278.jpg 370w" sizes="auto, (max-width: 640px) 100vw, 640px" /></figure>
</div>


<p class="has-medium-font-size wp-block-paragraph">Maison médicale</p>



<p class="wp-block-paragraph">5 rue de la Chalotais<br>Cesson Sévigné<br>2<sup>e</sup>&nbsp;étage<br>Accès pour personnes à mobilité réduite</p>



<p class="has-medium-font-size wp-block-paragraph">Tarifs</p>



<p class="wp-block-paragraph">60€ la séance&nbsp;<br>40€ la séance&nbsp;:&nbsp;étudiants&nbsp;et demandeurs d’emploi.</p>



<p class="wp-block-paragraph">Moyens de paiement : chèque ou espèces (CB non acceptée)</p>



<p class="has-medium-font-size wp-block-paragraph"><br><br></p>



<p class="wp-block-paragraph">Les séances ne sont pas prises en charge par l’assurance maladie, je ne participe pas au dispositif «&nbsp;Monpsy&nbsp;». Cependant certains contrats de mutuelles proposent une prise en charge partielle&nbsp;: renseignez-vous&nbsp;!</p>



<p class="wp-block-paragraph">Téléconsultation possible&nbsp;: me contacter  06 63 65 33 69</p>



<p class="wp-block-paragraph">Je reçois sur rdv les <strong>mercredis</strong> et <strong>vendredis&nbsp;</strong></p>



<figure class="wp-block-table has-medium-font-size"><table><tbody><tr><td>N° RPPS&nbsp;: 10008466574<br> <br>N° SIRET&nbsp;: 52349256900042</td></tr></tbody></table></figure>



<div class="wp-block-contact-form-7-contact-form-selector">[contact-form-7 id=&#8221;108&#8243; title=&#8221;Formulaire&#8221;]</div>



<div class="wp-block-webfactory-map"><div class="wp-block-webfactory-map"><iframe loading="lazy" width="100%" height="300px" src="https://www.google.com/maps/embed/v1/place?q=5%20rue%20de%20la%20Chalotais%20Cesson%20S%C3%A9vign%C3%A9&amp;maptype=roadmap&amp;zoom=10&amp;key=AIzaSyAjyDspiPfzEfjRSS5fQzm-3jHFjHxeXB4" frameborder="0"></iframe></div></div>

<p>Une question ? N&#8217;hésitez pas à me contacter par téléphone ou par mail (carre.anne arobase outlook.fr). Je vous répondrai dans les plus brefs délais. Maison médicale 5 rue de la ChalotaisCesson Sévigné2e&nbsp;étageAccès pour personnes à mobilité réduite Tarifs 60€ la séance&nbsp;40€ la séance&nbsp;:&nbsp;étudiants&nbsp;et demandeurs d’emploi. Moyens de paiement : chèque ou espèces (CB non acceptée) Les séances ne sont pas&hellip;</p>
